ime factors of 347776?
2, 11, 13, 19
What are the prime factors of 436006?
2, 218003
What are the prime factors of 1770574?
2, 13, 68099
What are the prime factors of 1195294?
2, 109, 5483
What are the prime factors of 1878272?
2, 11, 23, 29
What are the prime factors of 1333246?
2, 29, 127, 181
What are the prime factors of 1464092?
2, 7, 52289
What are the prime factors of 1392493?
29, 48017
What are the prime factors of 4925760?
2, 3, 5, 7, 733
What are the prime factors of 17566528?
2, 7, 113, 347
List the prime factors of 999520.
2, 5, 6247
What are the prime factors of 11009788?
2, 2752447
What are the prime factors of 16069545?
3, 5, 103, 3467
What are the prime factors of 529574?
2, 264787
What are the prime factors of 11852954?
2, 5926477
List the prime factors of 341868.
2, 3, 31, 919
What are the prime factors of 7251738?
2, 3, 13, 239, 389
List the prime factors of 646791.
3, 167, 1291
What are the prime factors of 6929900?
2, 5, 23, 131
What are the prime factors of 685512?
2, 3, 9521
List the prime factors of 1062293.
1062293
List the prime factors of 71251.
43, 1657
What are the prime factors of 7690602?
2, 3, 23, 2423
List the prime factors of 585503.
585503
List the prime factors of 4753902.
2, 3, 792317
What are the prime factors of 16366422?
2, 3, 61, 97, 461
List the prime factors of 25111189.
25111189
List the prime factors of 8368123.
8368123
What are the prime factors of 290639?
509, 571
List the prime factors of 1281267.
3, 13, 47, 233
List the prime factors of 8803336.
2, 37, 29741
List the prime factors of 899373.
3, 349, 859
List the prime factors of 603018.
2, 3, 13, 859
List the prime factors of 1844202.
2, 3, 307367
What are the prime factors of 32696?
2, 61, 67
List the prime factors of 14506275.
3, 5, 7, 27631
What are the prime factors of 814793?
7, 17, 41, 167
What are the prime factors of 413962?
2, 263, 787
List the prime factors of 9873891.
3, 29, 37831
List the prime factors of 1300335.
3, 5, 86689
List the prime factors of 1714885.
5, 197, 1741
List the prime factors of 136359.
3, 109, 139
List the prime factors of 1854309.
3, 17, 103, 353
List the prime factors of 502146.
2, 3, 17, 547
List the prime factors of 595208.
2, 47, 1583
List the prime factors of 2322660.
2, 3, 5, 38711
List the prime factors of 276665.
5, 55333
What are the prime factors of 221303?
221303
What are the prime factors of 252847?
7, 41, 881
List the prime factors of 4660180.
2, 5, 7, 33287
What are the prime factors of 13357857?
3, 67, 66457
List the prime factors of 5271211.
11, 479201
List the prime factors of 176370.
2, 3, 5, 5879
What are the prime factors of 9893?
13, 761
What are the prime factors of 6568408?
2, 7, 11, 10663
What are the prime factors of 257502?
2, 3, 7, 6131
List the prime factors of 786227.
13, 197, 307
List the prime factors of 12386537.
19, 43, 15161
List the prime factors of 131287.
13, 10099
List the prime factors of 298999.
298999
What are the prime factors of 120964?
2, 30241
List the prime factors of 62033.
17, 41, 89
List the prime factors of 541738.
2, 59, 4591
What are the prime factors of 2079451?
11, 189041
What are the prime factors of 2028992?
2, 7, 647
What are the prime factors of 85611?
3, 28537
What are the prime factors of 863734?
2, 431867
What are the prime factors of 2583769?
2583769
What are the prime factors of 654299?
73, 8963
What are the prime factors of 33783258?
2, 3, 463, 12161
List the prime factors of 7574904.
2, 3, 35069
List the prime factors of 61287.
3, 31, 659
List the prime factors of 5996575.
5, 13, 18451
What are the prime factors of 52199?
7, 7457
What are the prime factors of 4731012?
2, 3, 11, 13, 919
What are the prime factors of 10952793?
3, 405659
What are the prime factors of 93538?
2, 46769
What are the prime factors of 228966?
2, 3, 31, 1231
List the prime factors of 21555058.
2, 7, 313, 4919
What are the prime factors of 1817873?
1817873
List the prime factors of 293774.
2, 13, 11299
What are the prime factors of 8103514?
2, 71, 149, 383
List the prime factors of 481225.
5, 19249
List the prime factors of 8946055.
5, 19, 94169
List the prime factors of 1750422.
2, 3, 17, 131
List the prime factors of 5032035.
3, 5, 67, 1669
What are the prime factors of 138718?
2, 43, 1613
List the prime factors of 406192.
2, 53, 479
List the prime factors of 19412462.
2, 139, 69829
What are the prime factors of 975407?
23, 42409
List the prime factors of 495026.
2, 7, 19, 1861
List the prime factors of 166084.
2, 41521
What are the prime factors of 15210?
2, 3, 5, 13
What are the prime factors of 957276?
2, 3, 26591
List the prime factors of 6367334.
2, 1487, 2141
What are the prime factors of 190627?
19, 79, 127
List the prime factors of 84887.
11, 7717
What are the prime factors of 4008697?
7, 11, 79, 659
List the prime factors of 4478705.
5, 7, 11, 11633
What are the prime factors of 1240187?
13, 19, 5021
List the prime factors of 3567.
3, 29, 41
What are the prime factors of 6002023?
331, 18133
What are the prime factors of 15122163?
3, 7, 17, 42359
List the prime factors of 4765412.
2, 1191353
List the prime factors of 312617.
312617
What are the prime factors of 102299?
102299
List the prime factors of 2034263.
7, 11, 29, 911
List the prime factors of 66671.
11, 19, 29
What are the prime factors of 174542?
2, 197, 443
What are the prime factors of 3302107?
3302107
What are the prime factors of 1969363?
11, 179033
List the prime factors of 448309.
448309
List the prime factors of 4746084.
2, 3, 7, 56501
What are the prime factors of 200385?
3, 5, 61, 73
What are the prime factors of 27851819?
27851819
What are the prime factors of 221298?
2, 3, 7, 11, 479
What are the prime factors of 194211?
3, 7193
List the prime factors of 7823898.
2, 3, 144887
What are the prime factors of 895583?
13, 68891
What are the prime factors of 181751?
181751
List the prime factors of 11221412.
2, 2805353
What are the prime factors of 24123189?
3, 233, 34511
List the prime factors of 4548135.
3, 5, 23, 13183
List the prime factors of 1012914.
2, 3, 7, 8039
What are the prime factors of 10744832?
2, 7, 1499
What are the prime factors of 76046?
2, 47, 809
What are the prime factors of 140512?
2, 4391
What are the prime factors of 7635040?
2, 5, 7, 17, 401
List the prime factors of 16229425.
5, 59, 11003
List the prime factors of 3005143.
181, 16603
List the prime factors of 23069518.
2, 31, 83, 4483
List the prime factors of 8671132.
2, 223, 9721
What are the prime factors of 1127399?
7, 13, 953
List the prime factors of 3338845.
5, 667769
List the prime factors of 41131254.
2, 3, 1621, 4229
List the prime factors of 285849.
3, 3529
List the prime factors of 1625391.
3, 59, 3061
List the prime factors of 548687.
548687
List the prime factors of 1172758.
2, 103, 5693
What are the prime factors of 12788604?
2, 3, 59, 223
What are the prime factors of 2274737?
19, 119723
What are the prime factors of 143553?
3, 109, 439
What are the prime factors of 38990?
2, 5, 7, 557
List the prime factors of 2307313.
59, 39107
What are the prime factors of 2109563?
61, 34583
What are the prime factors of 3381472?
2, 251, 421
What are the prime factors of 9953892?
2, 3, 13, 21269
List the prime factors of 612729.
3, 13, 5237
List the prime factors of 126856.
2, 101, 157
What are the prime factors of 117513?
3, 11, 1187
List the prime factors of 413760.
2, 3, 5, 431
What are the prime factors of 4755072?
2, 3, 7, 29, 61
What are the prime factors of 471460?
2, 5, 11, 2143
What are the prime factors of 3585393?
3, 7, 56911
List the prime factors of 290639.
509, 571
List the prime factors of 5688101.
499, 11399
List the prime factors of 104558.
2, 23, 2273
List the prime factors of 724201.
23, 37
List the prime factors of 7935072.
2, 3, 82657
What are the prime factors of 451053?
3, 23, 2179
List the prime factors of 11512460.
2, 5, 575623
What are the prime factors of 258869?
13, 19913
What are the prime factors of 72270?
2, 3, 5, 11, 73
What are the prime factors of 16426585?
5, 7, 469331
What are the prime factors of 10524656?
2, 59, 11149
What are the prime factors of 265693?
17, 15629
What are the prime factors of 5465666?
2, 263, 10391
What are the prime factors of 460204?
2, 103, 1117
List the prime